 -62*w + 11. What is l(-2)?
135
Let n(j) = -6*j**3 - 1974*j**2 - 816*j - 268456. What is n(-329)?
8
Let v(a) = -258*a**2 - 16451*a + 16453. What is v(1)?
-256
Let m(u) = 3*u**2 - 432*u + 11527. Determine m(120).
2887
Let o(x) = 2*x**3 - 592*x**2 + 39004*x + 207. Give o(99).
9
Let b(m) = m**3 - 203*m**2 - 2354*m + 3. What is b(214)?
3
Let n(j) = -139*j**3 - 2*j**2 - 29*j - 49. Determine n(-2).
1113
Let s(m) = m**3 + 66*m**2 + 77*m - 518. Determine s(-65).
-1298
Let u(w) = -7*w**3 - 39*w**2 - 50*w + 66. Determine u(-7).
906
Let z(w) = 3434*w + 116810. What is z(-34)?
54
Let u(l) = l**3 - 28*l**2 - 57*l + 1352. What is u(26)?
-1482
Let g(z) = -12389*z - 396446. What is g(-32)?
2
Let a(c) = -c**3 + 35*c**2 - 719*c + 25143. What is a(35)?
-22
Let x(u) = -u**3 + 47*u**2 + 2743*u + 10419. Give x(82).
5
Let a(k) = 3*k**3 + 2201*k**2 - 6639*k + 22. What is a(3)?
-5
Let w(b) = 9*b**2 + 7477*b - 14969. Calculate w(2).
21
Let v(g) = g**3 + 7*g**2 - 89*g - 102. Give v(-13).
41
Let z(l) = 58*l**3 - 351*l**2 + 24*l - 40. Calculate z(6).
-4
Let x(g) = 6*g**3 + 1440*g**2 - 1483*g - 8925. What is x(-241)?
-8
Let p(o) = -2*o**2 - 414*o + 28155. Give p(-261).
-33
Let x(s) = -67018*s - 201046. Give x(-3).
8
Let j(h) = -h**3 - 70*h**2 + 905*h + 1169. What is j(-81)?
35
Let b(r) = r**3 + 62*r**2 + 213*r + 13298. Determine b(-62).
92
Let o(w) = -2530*w + 146758. Give o(58).
18
Let j(d) = d**3 - 153*d**2 - 305*d - 710. What is j(155)?
65
Let r(l) = -57*l**2 + 205*l + 88. What is r(4)?
-4
Let w(n) = -11*n**2 + 1818*n + 7448. What is w(-4)?
0
Let r(q) = 486765*q + 1460296. Determine r(-3).
1
Let x(w) = 21*w**3 + 4492*w**2 - 451*w - 4914. Give x(-214).
8
Let r(h) = 2960*h**2 - 14906*h + 510. What is r(5)?
-20
Let o(y) = -y**3 - 30*y**2 - 83*y - 9031. Determine o(-35).
-1
Let f(o) = 2*o**3 - 26*o - 56. Give f(7).
448
Let a(x) = x**3 - 227*x**2 - 484*x + 617. Determine a(-3).
-1
Let w(x) = -x**2 - 56*x + 24572. Give w(131).
75
Let x(o) = -o**2 + 637*o - 8112. Calculate x(13).
0
Let f(q) = -26*q**3 - 3949*q**2 + 456*q + 60. Determine f(-152).
60
Let h(s) = -57*s - 5335. What is h(-90)?
-205
Let r(k) = 13*k**3 - 2523*k**2 + 184*k + 1940. Calculate r(194).
0
Let i(q) = 4*q**2 - 3342*q - 697887. Calculate i(-173).
-5
Let n(q) = -2*q**3 + 11*q**2 + 156*q - 19. What is n(11)?
366
Let m(d) = -121*d + 3250. Give m(29).
-259
Let u(x) = 2*x**3 + 220*x**2 + 633*x - 961. Determine u(-107).
2
Let q(s) = -11*s**3 - 365*s**2 - 150*s - 2755. Determine q(-33).
17
Let f(x) = 5*x**3 - 277*x**2 - 132*x - 2137. Give f(56).
-121
Let l(z) = -10*z**3 - 14*z**2 + 14*z + 27. Calculate l(-2).
23
Let h(j) = 2*j**3 + 17*j**2 + 223*j + 1317. Calculate h(-10).
-1213
Let t(u) = -25*u**2 - 10432*u + 7481. What is t(-418)?
-43
Let z(j) = 3798*j - 2924337. What is z(770)?
123
Let h(b) = 18*b**3 + 188*b**2 + 128*b + 1129. Give h(-10).
649
Let r(f) = 103197*f + 412788. Give r(-4).
0
Let r(s) = 5*s**2 - 3848*s + 98800. Calculate r(743).
-19
Let i(q) = q**3 + 22*q**2 - 1735*q - 37582. Calculate i(-42).
8
Let a(o) = o**3 + 37*o**2 - 677*o + 1435. Calculate a(-51).
-452
Let y(s) = -2*s**3 + 76*s**2 - 4*s + 107. What is y(38)?
-45
Let y(s) = -3*s**3 - 42*s**2 + 89*s + 1249. Give y(-14).
3
Let l(k) = 2*k**2 + 101*k + 471. Calculate l(-36).
-573
Let a(h) = -h**3 + 38*h**2 + 200*h + 14. What is a(43)?
-631
Let f(q) = q**3 - 15*q**2 - 5194*q - 5180. Give f(-1).
-2
Let i(m) = -993*m + 47826. Calculate i(48).
162
Let p(x) = 6183*x - 4507402. Determine p(729).
5
Let z(c) = 276*c + 91647. Determine z(-332).
15
Let c(v) = 5484*v - 26986. Determine c(5).
434
Let r(y) = 56*y**2 - 17*y + 48. Give r(4).
876
Let h(z) = 397003*z - 396987. Determine h(1).
16
Let n(f) = -17317*f - 17551. Give n(-1).
-234
Let k(q) = q**2 + 15219*q - 503321. Determine k(33).
-5
Let x(d) = -2*d**2 + 56*d + 3718. What is x(-35)?
-692
Let k(a) = -a**2 - 41*a + 78. What is k(-4)?
226
Let r(i) = -i**3 + 41*i**2 + 149*i + 112. Determine r(-3).
61
Let k(i) = 336*i - 28063. Determine k(84).
161
Let f(t) = -7347*t + 110217. Determine f(15).
12
Let q(i) = 1064*i - 29832. Calculate q(28).
-40
Let y(f) = -65*f - 1912. Determine y(-27).
-157
Let k(p) = -2557*p**2 + 253186*p - 4268. Determine k(99).
-11
Let g(k) = -32*k**3 + 2*k**2 - 1143*k - 2300. What is g(-2)?
250
Let d(t) = 29*t**2 - 3832*t + 112648. Calculate d(88).
8
Let g(d) = -d**2 - 7743*d + 38746. Give g(5).
6
Let g(b) = 2*b**3 - 59*b**2 + 4*b - 111. Determine g(28).
-2351
Let p(b) = 277*b**2 + 67*b + 123. Determine p(-2).
1097
Let o(l) = 27412*l + 3673198. Give o(-134).
-10
Let v(l) = l**3 - 3*l**2 - 105*l + 242. Calculate v(9).
-217
Let v(s) = 124*s + 1453. Calculate v(-6).
709
Let r(q) = 11360*q - 79037. Determine r(7).
483
Let c(j) = -8*j**3 - 762*j**2 - 228*j - 3606. Calculate c(-95).
4
Let h(x) = 43*x**2 + 330*x - 14583. Calculate h(15).
42
Let a(y) = -31*y**3 - 4*y**2 - 15*y + 58. Determine a(2).
-236
Let z(f) = f**2 - 64*f - 21354. Give z(-102).
-4422
Let w(f) = -14*f**3 + 1444*f**2 - 187*f - 1999. What is w(103)?
-42
Let z(m) = m**3 - 31*m**2 - 80*m + 66. Calculate z(-3).
0
Let k(n) = -137334*n + 824066. Calculate k(6).
62
Let o(d) = -d**2 + 107*d - 1965. Give o(106).
-1859
Let v(a) = -23*a**2 - 1533*a - 3070. Give v(-2).
-96
Let z(h) = 43*h**3 - 45*h**2 - 94*h - 13. Give z(-2).
-349
Let p(i) = 5*i**3 + 6*i**2 + 238*i - 1165. Give p(5).
800
Let a(c) = 320727*c - 26941071. Calculate a(84).
-3
Let u(l) = -l**2 + 209*l - 1894. Give u(9).
-94
Let f(n) = -50*n**3 - 1749*n**2 + 1305*n + 44452. What is f(-35)?
2
Let p(k) = k**3 - 140*k**2 + 1264*k - 11109. Calculate p(131).
26
Let m(o) = 3*o**3 - 374*o**2 + 3032*o - 1870. Calculate m(116).
-14
Let r(s) = 6*s**3 + 34*s**2 - 437*s + 208. What is r(-12)?
-20
Let x(o) = -19034*o**2 + 19127*o - 3. Determine x(1).
90
Let j(m) = m**2 - 688*m - 44332. Give j(-59).
-259
Let r(s) = 20*s**3 + 1051*s**2 - 314*s + 8645. Determine r(-53).
6
Let w(n) = -n**3 + 847*n**2 - 28*n + 64. What is w(0)?
64
Let p(x) = -60929*x - 1584151. Give p(-26).
3
Let o(c) = -60703*c + 424910. What is o(7)?
-11
Let s(o) = 5*o**3 - 294*o**2 - 373*o + 283. Give s(60).
-497
Let d(s) = 4371*s + 152981. Determine d(-35).
-4
Let k(o) = -90054*o + 360303. What is k(4)?
87
Let z(c) = 662*c - 134255. What is z(203)?
131
Let w(p) = 9*p**2 - 2448*p + 90307. What is w(228)?
19
Let r(s) = -9*s**2 + 372*s + 4111. What is r(-9)?
34
Let q(i) = -2*i**2 - 129*i - 2003. Calculate q(-11).
-826
Let k(z) = -z**3 + 54*z**2 + 1512*z + 12211. What is k(76)?
51
Let d(c) = -239840*c - 479714. What is d(-2)?
-34
Let d(c) = 17209*c - 155987. Give d(9).
-1106
Let z(v) = -v**3 - 19*v**2 - 593*v + 3884. What is z(6)?
-574
Let g(u) = 4*u**3 + 10*u**2 - 108*u - 425. Determine g(-4).
-89
Let l(a) = -28*a**3 + 18567*a**2 - 1985*a - 2613. What is l(663)?
39
Let j(m) = 6*m**3 + 2148*m**2 - 262*m - 93785. What is j(-358)?
11
Let g(t) = 32*t**2 - 1882*t + 1486. Determine g(58).
-22
Let a(d) = d**3 - 538*d**2 + 621*d + 526448. Give a(535).
8
Let v(c) = -c**2 + 691*c + 16463. Give v(-23).
41
Let p(v) = 4*v**2 - 992*v - 108217. Give p(330).
23
Let h(r) = 2*r**3 + 13*r**2 - 692*r - 168. Calculate h(-22).
52
Let m(y) = -125*y**2 + 1352*y - 111. Calculate m(10).
909
Let x(w) = -163*w + 37801. Determine x(229).
474
Let f(j) = -53*j - 4940. What is f(-98)?
254
Let r(q) = -6062*q - 54525. Calculate r(-9).
33
Let g(t) = -t**2 + 64596*t + 3038239. Give g(-47).
18
Let c(z) = 37*z**2 + 444*z + 2680. What is c(-6)?
1348
Let j(x) = 2*x**3 - 2*x**2 + 32*x - 62. Determine j(0).
-62
Let m(s) = -7*s**2 + 1675*s - 97220. Calculate m(99).
-2
Let p(j) = -j**2 - 69*j - 1116. Give p(-36).
72
Let n(m) = -m**3 + 14*m**2 + 13*m - 255. Give n(13).
83
Let h(f) = -8450*f - 4956. Determine h(-1).
3494
Let q(l) = 9*l**3 + 62*l**2 - 47*l - 102. Calculate q(-8).
-366
Let o(f) = -22*f**2 - 115*f + 480. Give o(-8).
-8
Let b(a) = 3*a**2 + 47*a - 3177. Give b(-41).
-61
Let c(m) = 4*m**2 - 437*m - 2716. Give c(-6).
50
Let m(u) = 194*u + 473. What is m(-8)?
-1079
Let f(a) = -508*a + 7734. Calculate f(16).
-394
Let n(v) = -2*v**3 - v**2 - 32*v - 1321. Determine n(0).
-1321
Let d(w) = 11*w**2 + 1709*w + 5123. What is d(-3)?
95
Let f(h) = -18275*h + 17218. Give f(1).
-1057
Let d(r) = -4818*r - 1040693. Calculate d(-216).
-5
Let z(b) = 12*b**3 + 4583*b**2 - 9204*b